{"id":1852,"date":"2022-06-13T16:48:24","date_gmt":"2022-06-13T14:48:24","guid":{"rendered":"https:\/\/donboscocairo.org\/chi-siamo\/salesiani-del-medio-oriente\/"},"modified":"2022-07-20T17:09:56","modified_gmt":"2022-07-20T15:09:56","slug":"salesiani-del-medio-oriente","status":"publish","type":"page","link":"https:\/\/donboscocairo.org\/it\/chi-siamo\/salesiani-del-medio-oriente\/","title":{"rendered":"SALESIANI DEL MEDIO ORIENTE"},"content":{"rendered":"\t\t<div data-elementor-type=\"wp-page\" data-elementor-id=\"1852\" class=\"elementor elementor-1852 elementor-57\" data-elementor-post-type=\"page\">\n\t\t\t\t\t\t<section class=\"has_ae_slider elementor-section elementor-top-section elementor-element elementor-element-1bd8881 elementor-section-boxed elementor-section-height-default elementor-section-height-default ae-bg-gallery-type-default\" data-id=\"1bd8881\" data-element_type=\"section\">\n\t\t\t\t\t\t<div class=\"elementor-container elementor-column-gap-default\">\n\t\t\t\t\t<div class=\"has_ae_slider elementor-column elementor-col-100 elementor-top-column elementor-element elementor-element-e177a60 ae-bg-gallery-type-default\" data-id=\"e177a60\" data-element_type=\"column\">\n\t\t\t<div class=\"elementor-widget-wrap elementor-element-populated\">\n\t\t\t\t\t\t<div class=\"elementor-element elementor-element-28b390f elementor-widget elementor-widget-text-editor\" data-id=\"28b390f\" data-element_type=\"widget\" data-widget_type=\"text-editor.default\">\n\t\t\t\t<div class=\"elementor-widget-container\">\n\t\t\t\t\t\t\t\t\t<p>L&#8217;Ispettoria Salesiana del Medio Oriente (MOR) \u00e8 denominata \u201cGes\u00f9 Adolescente\u201d ed \u00e8 stata istituita canonicamente il 20 gennaio 1902, su richiesta del Beato don Michele Rua, allora Rettor Maggiore, alla Santa Sede.<\/p><p>La strada era stata preparata e spianata da don Antonio Belloni, fondatore dell\u2019orfanotrofio di Betlemme e della Congregazione della Sacra Famiglia.<\/p><p>Gi\u00e0 nel 1893 don Belloni e circa met\u00e0 dei suoi confratelli entrarono nella Congregazione salesiana professando i voti e la Regola.<\/p><p>Diventato salesiano, oltre alla casa di Betlemme, don Belloni port\u00f2 con s\u00e9 \u201ccome dote\u201d la scuola agraria di Beitgemal, il noviziato di Cremisan e il vasto terreno su cui \u00e8 poi stata costruita la casa di Nazaret. Don Belloni mor\u00ec nel 1903 e da allora \u00e8 stato ricordato come il \u201cpadre degli orfani\u201d (\u201cAbu al-yatama\u201d).<\/p><p>A poco a poco la Provincia \u00e8 cresciuta negli altri paesi del Medio Oriente: Egitto nel 1896, Turchia nel 1903, Iran nel 1937, Siria nel 1948 e Libano nel 1952. Tra il 1976 e il 1998, la Provincia MOR includeva anche alcune presenze in Etiopia.<\/p><p>Al momento, l\u2019ispettoria ha 13 presenze distribuite come segue:<\/p><p>5 in Terra Santa, 3 in Egitto, 2 in Libano e 3 in Siria.<\/p>\t\t\t\t\t\t\t\t<\/div>\n\t\t\t\t<\/div>\n\t\t\t\t\t<\/div>\n\t\t<\/div>\n\t\t\t\t\t<\/div>\n\t\t<\/section>\n\t\t\t\t<\/div>\n\t\t","protected":false},"excerpt":{"rendered":"<p>L&#8217;Ispettoria Salesiana del Medio Oriente (MOR) \u00e8 denominata \u201cGes\u00f9 Adolescente\u201d ed \u00e8 stata istituita canonicamente il 20 gennaio 1902, su richiesta del Beato don Michele Rua, allora Rettor Maggiore, alla Santa Sede. La strada era stata preparata e spianata da don Antonio Belloni, fondatore dell\u2019orfanotrofio di Betlemme e della Congregazione della Sacra Famiglia. Gi\u00e0 nel [&hellip;]<\/p>\n","protected":false},"author":1,"featured_media":0,"parent":1825,"menu_order":0,"comment_status":"closed","ping_status":"closed","template":"","meta":{"footnotes":""},"class_list":["post-1852","page","type-page","status-publish","hentry"],"acf":[],"yoast_head":"<!-- This site is optimized with the Yoast SEO Premium plugin v24.4 (Yoast SEO v24.5) - https:\/\/yoast.com\/wordpress\/plugins\/seo\/ -->\n<title>SALESIANI DEL MEDIO ORIENTE - Istituto Salesiano Don Bosco<\/title>\n<meta name=\"robots\" content=\"index, follow, max-snippet:-1, max-image-preview:large, max-video-preview:-1\" \/>\n<link rel=\"canonical\" href=\"https:\/\/donboscocairo.org\/it\/chi-siamo\/salesiani-del-medio-oriente\/\" \/>\n<meta property=\"og:locale\" content=\"it_IT\" \/>\n<meta property=\"og:type\" content=\"article\" \/>\n<meta property=\"og:title\" content=\"SALESIANI DEL MEDIO ORIENTE\" \/>\n<meta property=\"og:description\" content=\"L&#8217;Ispettoria Salesiana del Medio Oriente (MOR) \u00e8 denominata \u201cGes\u00f9 Adolescente\u201d ed \u00e8 stata istituita canonicamente il 20 gennaio 1902, su richiesta del Beato don Michele Rua, allora Rettor Maggiore, alla Santa Sede. La strada era stata preparata e spianata da don Antonio Belloni, fondatore dell\u2019orfanotrofio di Betlemme e della Congregazione della Sacra Famiglia. Gi\u00e0 nel [&hellip;]\" \/>\n<meta property=\"og:url\" content=\"https:\/\/donboscocairo.org\/it\/chi-siamo\/salesiani-del-medio-oriente\/\" \/>\n<meta property=\"og:site_name\" content=\"Istituto Salesiano Don Bosco\" \/>\n<meta property=\"article:modified_time\" content=\"2022-07-20T15:09:56+00:00\" \/>\n<meta name=\"twitter:card\" content=\"summary_large_image\" \/>\n<meta name=\"twitter:label1\" content=\"Tempo di lettura stimato\" \/>\n\t<meta name=\"twitter:data1\" content=\"1 minuto\" \/>\n<script type=\"application\/ld+json\" class=\"yoast-schema-graph\">{\"@context\":\"https:\/\/schema.org\",\"@graph\":[{\"@type\":\"WebPage\",\"@id\":\"https:\/\/donboscocairo.org\/it\/chi-siamo\/salesiani-del-medio-oriente\/\",\"url\":\"https:\/\/donboscocairo.org\/it\/chi-siamo\/salesiani-del-medio-oriente\/\",\"name\":\"SALESIANI DEL MEDIO ORIENTE - Istituto Salesiano Don Bosco\",\"isPartOf\":{\"@id\":\"https:\/\/donboscocairo.org\/it\/#website\"},\"datePublished\":\"2022-06-13T14:48:24+00:00\",\"dateModified\":\"2022-07-20T15:09:56+00:00\",\"breadcrumb\":{\"@id\":\"https:\/\/donboscocairo.org\/it\/chi-siamo\/salesiani-del-medio-oriente\/#breadcrumb\"},\"inLanguage\":\"it-IT\",\"potentialAction\":[{\"@type\":\"ReadAction\",\"target\":[\"https:\/\/donboscocairo.org\/it\/chi-siamo\/salesiani-del-medio-oriente\/\"]}]},{\"@type\":\"BreadcrumbList\",\"@id\":\"https:\/\/donboscocairo.org\/it\/chi-siamo\/salesiani-del-medio-oriente\/#breadcrumb\",\"itemListElement\":[{\"@type\":\"ListItem\",\"position\":1,\"name\":\"Home\",\"item\":\"https:\/\/donboscocairo.org\/it\/\"},{\"@type\":\"ListItem\",\"position\":2,\"name\":\"Chi Siamo\",\"item\":\"https:\/\/donboscocairo.org\/it\/chi-siamo\/\"},{\"@type\":\"ListItem\",\"position\":3,\"name\":\"SALESIANI DEL MEDIO ORIENTE\"}]},{\"@type\":\"WebSite\",\"@id\":\"https:\/\/donboscocairo.org\/it\/#website\",\"url\":\"https:\/\/donboscocairo.org\/it\/\",\"name\":\"Istituto Salesiano Don Bosco\",\"description\":\"Noi, come Istituzione Salesiana, siamo orgogliosi della nostra presenza centenaria e del nostro servizio al Cairo\",\"publisher\":{\"@id\":\"https:\/\/donboscocairo.org\/it\/#organization\"},\"potentialAction\":[{\"@type\":\"SearchAction\",\"target\":{\"@type\":\"EntryPoint\",\"urlTemplate\":\"https:\/\/donboscocairo.org\/it\/?s={search_term_string}\"},\"query-input\":{\"@type\":\"PropertyValueSpecification\",\"valueRequired\":true,\"valueName\":\"search_term_string\"}}],\"inLanguage\":\"it-IT\"},{\"@type\":[\"Organization\",\"Place\"],\"@id\":\"https:\/\/donboscocairo.org\/it\/#organization\",\"name\":\"Istituto Salesiano Don Bosco\",\"url\":\"https:\/\/donboscocairo.org\/it\/\",\"logo\":{\"@id\":\"https:\/\/donboscocairo.org\/it\/chi-siamo\/salesiani-del-medio-oriente\/#local-main-organization-logo\"},\"image\":{\"@id\":\"https:\/\/donboscocairo.org\/it\/chi-siamo\/salesiani-del-medio-oriente\/#local-main-organization-logo\"},\"openingHoursSpecification\":[{\"@type\":\"OpeningHoursSpecification\",\"dayOfWeek\":[\"Sunday\",\"Monday\",\"Tuesday\",\"Wednesday\",\"Thursday\",\"Friday\",\"Saturday\"],\"opens\":\"09:00\",\"closes\":\"17:00\"}]},{\"@type\":\"ImageObject\",\"inLanguage\":\"it-IT\",\"@id\":\"https:\/\/donboscocairo.org\/it\/chi-siamo\/salesiani-del-medio-oriente\/#local-main-organization-logo\",\"url\":\"https:\/\/donboscocairo.org\/wp-content\/uploads\/2022\/07\/Icon.png\",\"contentUrl\":\"https:\/\/donboscocairo.org\/wp-content\/uploads\/2022\/07\/Icon.png\",\"width\":500,\"height\":500,\"caption\":\"Istituto Salesiano Don Bosco\"}]}<\/script>\n<!-- \/ Yoast SEO Premium plugin. -->","yoast_head_json":{"title":"SALESIANI DEL MEDIO ORIENTE - Istituto Salesiano Don Bosco","robots":{"index":"index","follow":"follow","max-snippet":"max-snippet:-1","max-image-preview":"max-image-preview:large","max-video-preview":"max-video-preview:-1"},"canonical":"https:\/\/donboscocairo.org\/it\/chi-siamo\/salesiani-del-medio-oriente\/","og_locale":"it_IT","og_type":"article","og_title":"SALESIANI DEL MEDIO ORIENTE","og_description":"L&#8217;Ispettoria Salesiana del Medio Oriente (MOR) \u00e8 denominata \u201cGes\u00f9 Adolescente\u201d ed \u00e8 stata istituita canonicamente il 20 gennaio 1902, su richiesta del Beato don Michele Rua, allora Rettor Maggiore, alla Santa Sede. La strada era stata preparata e spianata da don Antonio Belloni, fondatore dell\u2019orfanotrofio di Betlemme e della Congregazione della Sacra Famiglia. Gi\u00e0 nel [&hellip;]","og_url":"https:\/\/donboscocairo.org\/it\/chi-siamo\/salesiani-del-medio-oriente\/","og_site_name":"Istituto Salesiano Don Bosco","article_modified_time":"2022-07-20T15:09:56+00:00","twitter_card":"summary_large_image","twitter_misc":{"Tempo di lettura stimato":"1 minuto"},"schema":{"@context":"https:\/\/schema.org","@graph":[{"@type":"WebPage","@id":"https:\/\/donboscocairo.org\/it\/chi-siamo\/salesiani-del-medio-oriente\/","url":"https:\/\/donboscocairo.org\/it\/chi-siamo\/salesiani-del-medio-oriente\/","name":"SALESIANI DEL MEDIO ORIENTE - Istituto Salesiano Don Bosco","isPartOf":{"@id":"https:\/\/donboscocairo.org\/it\/#website"},"datePublished":"2022-06-13T14:48:24+00:00","dateModified":"2022-07-20T15:09:56+00:00","breadcrumb":{"@id":"https:\/\/donboscocairo.org\/it\/chi-siamo\/salesiani-del-medio-oriente\/#breadcrumb"},"inLanguage":"it-IT","potentialAction":[{"@type":"ReadAction","target":["https:\/\/donboscocairo.org\/it\/chi-siamo\/salesiani-del-medio-oriente\/"]}]},{"@type":"BreadcrumbList","@id":"https:\/\/donboscocairo.org\/it\/chi-siamo\/salesiani-del-medio-oriente\/#breadcrumb","itemListElement":[{"@type":"ListItem","position":1,"name":"Home","item":"https:\/\/donboscocairo.org\/it\/"},{"@type":"ListItem","position":2,"name":"Chi Siamo","item":"https:\/\/donboscocairo.org\/it\/chi-siamo\/"},{"@type":"ListItem","position":3,"name":"SALESIANI DEL MEDIO ORIENTE"}]},{"@type":"WebSite","@id":"https:\/\/donboscocairo.org\/it\/#website","url":"https:\/\/donboscocairo.org\/it\/","name":"Istituto Salesiano Don Bosco","description":"Noi, come Istituzione Salesiana, siamo orgogliosi della nostra presenza centenaria e del nostro servizio al Cairo","publisher":{"@id":"https:\/\/donboscocairo.org\/it\/#organization"},"potentialAction":[{"@type":"SearchAction","target":{"@type":"EntryPoint","urlTemplate":"https:\/\/donboscocairo.org\/it\/?s={search_term_string}"},"query-input":{"@type":"PropertyValueSpecification","valueRequired":true,"valueName":"search_term_string"}}],"inLanguage":"it-IT"},{"@type":["Organization","Place"],"@id":"https:\/\/donboscocairo.org\/it\/#organization","name":"Istituto Salesiano Don Bosco","url":"https:\/\/donboscocairo.org\/it\/","logo":{"@id":"https:\/\/donboscocairo.org\/it\/chi-siamo\/salesiani-del-medio-oriente\/#local-main-organization-logo"},"image":{"@id":"https:\/\/donboscocairo.org\/it\/chi-siamo\/salesiani-del-medio-oriente\/#local-main-organization-logo"},"openingHoursSpecification":[{"@type":"OpeningHoursSpecification","dayOfWeek":["Sunday","Monday","Tuesday","Wednesday","Thursday","Friday","Saturday"],"opens":"09:00","closes":"17:00"}]},{"@type":"ImageObject","inLanguage":"it-IT","@id":"https:\/\/donboscocairo.org\/it\/chi-siamo\/salesiani-del-medio-oriente\/#local-main-organization-logo","url":"https:\/\/donboscocairo.org\/wp-content\/uploads\/2022\/07\/Icon.png","contentUrl":"https:\/\/donboscocairo.org\/wp-content\/uploads\/2022\/07\/Icon.png","width":500,"height":500,"caption":"Istituto Salesiano Don Bosco"}]}},"_links":{"self":[{"href":"https:\/\/donboscocairo.org\/it\/wp-json\/wp\/v2\/pages\/1852","targetHints":{"allow":["GET"]}}],"collection":[{"href":"https:\/\/donboscocairo.org\/it\/wp-json\/wp\/v2\/pages"}],"about":[{"href":"https:\/\/donboscocairo.org\/it\/wp-json\/wp\/v2\/types\/page"}],"author":[{"embeddable":true,"href":"https:\/\/donboscocairo.org\/it\/wp-json\/wp\/v2\/users\/1"}],"replies":[{"embeddable":true,"href":"https:\/\/donboscocairo.org\/it\/wp-json\/wp\/v2\/comments?post=1852"}],"version-history":[{"count":0,"href":"https:\/\/donboscocairo.org\/it\/wp-json\/wp\/v2\/pages\/1852\/revisions"}],"up":[{"embeddable":true,"href":"https:\/\/donboscocairo.org\/it\/wp-json\/wp\/v2\/pages\/1825"}],"wp:attachment":[{"href":"https:\/\/donboscocairo.org\/it\/wp-json\/wp\/v2\/media?parent=1852"}],"curies":[{"name":"wp","href":"https:\/\/api.w.org\/{rel}","templated":true}]}}

<div data-elementor-type="wp-page" data-elementor-id="1852" class="elementor elementor-1852 elementor-57" data-elementor-post-type="page">
						<section class="has_ae_slider elementor-section elementor-top-section elementor-element elementor-element-1bd8881 elementor-section-boxed elementor-section-height-default elementor-section-height-default ae-bg-gallery-type-default" data-id="1bd8881" data-element_type="section">
						<div class="elementor-container elementor-column-gap-default">
					<div class="has_ae_slider elementor-column elementor-col-100 elementor-top-column elementor-element elementor-element-e177a60 ae-bg-gallery-type-default" data-id="e177a60" data-element_type="column">
			<div class="elementor-widget-wrap elementor-element-populated">
						<div class="elementor-element elementor-element-28b390f elementor-widget elementor-widget-text-editor" data-id="28b390f" data-element_type="widget" data-widget_type="text-editor.default">
				<div class="elementor-widget-container">
									<p>L&#8217;Ispettoria Salesiana del Medio Oriente (MOR) è denominata “Gesù Adolescente” ed è stata istituita canonicamente il 20 gennaio 1902, su richiesta del Beato don Michele Rua, allora Rettor Maggiore, alla Santa Sede.</p><p>La strada era stata preparata e spianata da don Antonio Belloni, fondatore dell’orfanotrofio di Betlemme e della Congregazione della Sacra Famiglia.</p><p>Già nel 1893 don Belloni e circa metà dei suoi confratelli entrarono nella Congregazione salesiana professando i voti e la Regola.</p><p>Diventato salesiano, oltre alla casa di Betlemme, don Belloni portò con sé “come dote” la scuola agraria di Beitgemal, il noviziato di Cremisan e il vasto terreno su cui è poi stata costruita la casa di Nazaret. Don Belloni morì nel 1903 e da allora è stato ricordato come il “padre degli orfani” (“Abu al-yatama”).</p><p>A poco a poco la Provincia è cresciuta negli altri paesi del Medio Oriente: Egitto nel 1896, Turchia nel 1903, Iran nel 1937, Siria nel 1948 e Libano nel 1952. Tra il 1976 e il 1998, la Provincia MOR includeva anche alcune presenze in Etiopia.</p><p>Al momento, l’ispettoria ha 13 presenze distribuite come segue:</p><p>5 in Terra Santa, 3 in Egitto, 2 in Libano e 3 in Siria.</p>								</div>
				</div>
					</div>
		</div>
					</div>
		</section>
				</div>

<p>L&#8217;Ispettoria Salesiana del Medio Oriente (MOR) è denominata “Gesù Adolescente” ed è stata istituita canonicamente il 20 gennaio 1902, su richiesta del Beato don Michele Rua, allora Rettor Maggiore, alla Santa Sede. La strada era stata preparata e spianata da don Antonio Belloni, fondatore dell’orfanotrofio di Betlemme e della Congregazione della Sacra Famiglia. Già nel [&hellip;]</p>

<!-- This site is optimized with the Yoast SEO Premium plugin v24.4 (Yoast SEO v24.5) - https://yoast.com/wordpress/plugins/seo/ -->
<title>SALESIANI DEL MEDIO ORIENTE - Istituto Salesiano Don Bosco</title>
<meta name="robots" content="index, follow, max-snippet:-1, max-image-preview:large, max-video-preview:-1" />
<link rel="canonical" href="https://donboscocairo.org/it/chi-siamo/salesiani-del-medio-oriente/" />
<meta property="og:locale" content="it_IT" />
<meta property="og:type" content="article" />
<meta property="og:title" content="SALESIANI DEL MEDIO ORIENTE" />
<meta property="og:description" content="L&#8217;Ispettoria Salesiana del Medio Oriente (MOR) è denominata “Gesù Adolescente” ed è stata istituita canonicamente il 20 gennaio 1902, su richiesta del Beato don Michele Rua, allora Rettor Maggiore, alla Santa Sede. La strada era stata preparata e spianata da don Antonio Belloni, fondatore dell’orfanotrofio di Betlemme e della Congregazione della Sacra Famiglia. Già nel [&hellip;]" />
<meta property="og:url" content="https://donboscocairo.org/it/chi-siamo/salesiani-del-medio-oriente/" />
<meta property="og:site_name" content="Istituto Salesiano Don Bosco" />
<meta property="article:modified_time" content="2022-07-20T15:09:56+00:00" />
<meta name="twitter:card" content="summary_large_image" />
<meta name="twitter:label1" content="Tempo di lettura stimato" />
	<meta name="twitter:data1" content="1 minuto" />
<script type="application/ld+json" class="yoast-schema-graph">{"@context":"https://schema.org","@graph":[{"@type":"WebPage","@id":"https://donboscocairo.org/it/chi-siamo/salesiani-del-medio-oriente/","url":"https://donboscocairo.org/it/chi-siamo/salesiani-del-medio-oriente/","name":"SALESIANI DEL MEDIO ORIENTE - Istituto Salesiano Don Bosco","isPartOf":{"@id":"https://donboscocairo.org/it/#website"},"datePublished":"2022-06-13T14:48:24+00:00","dateModified":"2022-07-20T15:09:56+00:00","breadcrumb":{"@id":"https://donboscocairo.org/it/chi-siamo/salesiani-del-medio-oriente/#breadcrumb"},"inLanguage":"it-IT","potentialAction":[{"@type":"ReadAction","target":["https://donboscocairo.org/it/chi-siamo/salesiani-del-medio-oriente/"]}]},{"@type":"BreadcrumbList","@id":"https://donboscocairo.org/it/chi-siamo/salesiani-del-medio-oriente/#breadcrumb","itemListElement":[{"@type":"ListItem","position":1,"name":"Home","item":"https://donboscocairo.org/it/"},{"@type":"ListItem","position":2,"name":"Chi Siamo","item":"https://donboscocairo.org/it/chi-siamo/"},{"@type":"ListItem","position":3,"name":"SALESIANI DEL MEDIO ORIENTE"}]},{"@type":"WebSite","@id":"https://donboscocairo.org/it/#website","url":"https://donboscocairo.org/it/","name":"Istituto Salesiano Don Bosco","description":"Noi, come Istituzione Salesiana, siamo orgogliosi della nostra presenza centenaria e del nostro servizio al Cairo","publisher":{"@id":"https://donboscocairo.org/it/#organization"},"potentialAction":[{"@type":"SearchAction","target":{"@type":"EntryPoint","urlTemplate":"https://donboscocairo.org/it/?s={search_term_string}"},"query-input":{"@type":"PropertyValueSpecification","valueRequired":true,"valueName":"search_term_string"}}],"inLanguage":"it-IT"},{"@type":["Organization","Place"],"@id":"https://donboscocairo.org/it/#organization","name":"Istituto Salesiano Don Bosco","url":"https://donboscocairo.org/it/","logo":{"@id":"https://donboscocairo.org/it/chi-siamo/salesiani-del-medio-oriente/#local-main-organization-logo"},"image":{"@id":"https://donboscocairo.org/it/chi-siamo/salesiani-del-medio-oriente/#local-main-organization-logo"},"openingHoursSpecification":[{"@type":"OpeningHoursSpecification","dayOfWeek":["Sunday","Monday","Tuesday","Wednesday","Thursday","Friday","Saturday"],"opens":"09:00","closes":"17:00"}]},{"@type":"ImageObject","inLanguage":"it-IT","@id":"https://donboscocairo.org/it/chi-siamo/salesiani-del-medio-oriente/#local-main-organization-logo","url":"https://donboscocairo.org/wp-content/uploads/2022/07/Icon.png","contentUrl":"https://donboscocairo.org/wp-content/uploads/2022/07/Icon.png","width":500,"height":500,"caption":"Istituto Salesiano Don Bosco"}]}</script>
<!-- / Yoast SEO Premium plugin. -->

L&#8217;Ispettoria Salesiana del Medio Oriente (MOR) è denominata “Gesù Adolescente” ed è stata istituita canonicamente il 20 gennaio 1902, su richiesta del Beato don Michele Rua, allora Rettor Maggiore, alla Santa Sede. La strada era stata preparata e spianata da don Antonio Belloni, fondatore dell’orfanotrofio di Betlemme e della Congregazione della Sacra Famiglia. Già nel [&hellip;]
